{"id":64,"date":"2017-02-28T17:54:21","date_gmt":"2017-02-28T17:54:21","guid":{"rendered":"http:\/\/x5r.da2.myftpupload.com\/?page_id=64"},"modified":"2018-02-28T14:05:25","modified_gmt":"2018-02-28T14:05:25","slug":"kompetenz-durch-lernen","status":"publish","type":"page","link":"https:\/\/x5r.da2.myftpupload.com\/?page_id=64&lang=de","title":{"rendered":"Kompetenz durch Lernen"},"content":{"rendered":"<h2><strong>Das Verst\u00e4ndnis von Lernen beruht auf folgenden Pr\u00e4missen:<\/strong><\/h2>\n<ol>\n<li>Lernen beruht auf Aktivit\u00e4t. Es ist elementarer Teil des Menschseins.<\/li>\n<li>Lernen ist ein st\u00e4ndiger Vorgang des Vergleichens von Absicht und Ausf\u00fchrung.<\/li>\n<li>Verfehlen und Versagen, Irrtum und Missverst\u00e4ndnis sind dem Lernen zueigen. Sie sind Grundelemente des Lernens. Lernen entspricht dem Streben, seine Handlungen zu verbessern, um einen h\u00f6heren Grad der Vervollkommnung zu erlangen.<\/li>\n<li>Das Bem\u00fchen, alles Misslingen und Scheitern durch Bestrafen von Irrt\u00fcmern und Fehlern aus dem Klassenzimmer zu verbannen, verhindert sogar das Lernen.<\/li>\n<li>Reflexion ist ein Wesensmerkmal des Vergleichens, kein Lernen ohne Reflexion.<\/li>\n<li>Je nach Alter, Reife und Begleitumst\u00e4nden, reicht der Vorgang der Reflexion von einem relativ unbewussten Vorgang des Nachahmens (einer Art Spiegelung) \u00fcber einen halb-bewussten Vorgang des Tagtr\u00e4umens oder Nachsinnens, bis zum hellwachen Reflektieren, das im Allgemeinen umfasst:\n<ol type=\"a\">\n<li>R\u00fcckblicken auf die Zielsetzung und Fragen was erreicht wurde<\/li>\n<li>Reflektieren der Umst\u00e4nde und des Zusammenhanges, in denen die Aktivit\u00e4t stattfand, und<\/li>\n<li>Evaluieren von Prozess und G\u00fcte des Ergebnisses.<\/li>\n<\/ol>\n<\/li>\n<li>Der erste Schritt des \u201aLernen wie man lernt\u2019 ist sich des Lernens durch Reflexion bewusst zu werden. Portfolio soll Sch\u00fclern dabei helfen zu \u201alernen wie man lernt\u2019\u00a0(und Lehrern, wie man Sch\u00fclern dabei hilft).<\/li>\n<li>Lernen ist ein individueller Prozess; er kann nicht standardisiert und nicht normiert werden. \u201aChancengleichheit\u2019 kann nicht hei\u00dfen, dass alle Sch\u00fcler das Gleiche zur gleichen Zeit, mit derselben Geschwindigkeit und aus demselben Grund lernen m\u00fcssen. Chancengleichheit hei\u00dft, dem Sch\u00fcler die Gelegenheit zu geben, seine eigene Lernstrategie zu entwickeln. Auch dies ist ein wesentliches Element der Arbeit mit Portfolio.<\/li>\n<\/ol>\n","protected":false},"excerpt":{"rendered":"<p>Das Verst\u00e4ndnis von Lernen beruht auf folgenden Pr\u00e4missen: Lernen beruht auf Aktivit\u00e4t. Es ist elementarer Teil des Menschseins. Lernen ist<\/p>\n","protected":false},"author":1,"featured_media":0,"parent":0,"menu_order":0,"comment_status":"closed","ping_status":"closed","template":"","meta":{"footnotes":""},"class_list":["post-64","page","type-page","status-publish","hentry"],"_links":{"self":[{"href":"https:\/\/x5r.da2.myftpupload.com\/index.php?rest_route=\/wp\/v2\/pages\/64","targetHints":{"allow":["GET"]}}],"collection":[{"href":"https:\/\/x5r.da2.myftpupload.com\/index.php?rest_route=\/wp\/v2\/pages"}],"about":[{"href":"https:\/\/x5r.da2.myftpupload.com\/index.php?rest_route=\/wp\/v2\/types\/page"}],"author":[{"embeddable":true,"href":"https:\/\/x5r.da2.myftpupload.com\/index.php?rest_route=\/wp\/v2\/users\/1"}],"replies":[{"embeddable":true,"href":"https:\/\/x5r.da2.myftpupload.com\/index.php?rest_route=%2Fwp%2Fv2%2Fcomments&post=64"}],"version-history":[{"count":2,"href":"https:\/\/x5r.da2.myftpupload.com\/index.php?rest_route=\/wp\/v2\/pages\/64\/revisions"}],"predecessor-version":[{"id":406,"href":"https:\/\/x5r.da2.myftpupload.com\/index.php?rest_route=\/wp\/v2\/pages\/64\/revisions\/406"}],"wp:attachment":[{"href":"https:\/\/x5r.da2.myftpupload.com\/index.php?rest_route=%2Fwp%2Fv2%2Fmedia&parent=64"}],"curies":[{"name":"wp","href":"https:\/\/api.w.org\/{rel}","templated":true}]}}