{"id":330,"date":"2018-02-27T15:42:42","date_gmt":"2018-02-27T15:42:42","guid":{"rendered":"http:\/\/x5r.da2.myftpupload.com\/?page_id=330"},"modified":"2018-02-28T14:03:16","modified_gmt":"2018-02-28T14:03:16","slug":"standardi-za-portfolio-kot-poucevalno-in-ocenjevalno-metodo-2","status":"publish","type":"page","link":"https:\/\/x5r.da2.myftpupload.com\/?page_id=330&lang=sl","title":{"rendered":"Standardi za portfolio kot pou\u010devalno in ocenjevalno metodo"},"content":{"rendered":"<p>Za izpolnjevanje miminimalnih kakovostnih standardov za na portfoliu pristopu temelje\u010de metode pou\u010devanja in ocenjevanja mora\u00a0<strong>portfolio delo<\/strong>, na podlagi katerega bo izdan evropski portfolio certifikat, izpolnjevati naslednje pogoje:<\/p>\n<p>Portfolio delo mora:<\/p>\n<ol>\n<li>vklju\u010devati naslednjih pet temeljnih aktivnosti dijakov:<br \/>\n\u2022 zbiranje<br \/>\n\u2022 izbira<br \/>\n\u2022 pregled, premislek in vrednotenje<br \/>\n\u2022 predstavitev<br \/>\n\u2022 zaklju\u010dki in nove odlo\u010ditve<\/li>\n<li>vsebovati izrecno navedbo kriterijev za izbiro (kaj se \u0161teje za bistveno) in oceno (vsebinska kakovost, zasnova in oblika, glej poglavje 6.6 \u201cKakovostni kriteriji za portfolio dokumente, portfoilo predstavitve in ustno preverjanje\u201d)<\/li>\n<li>vsebovati izjavo o avtorstvu s podpisom dijaka<br \/>\n\u0160e zlasti morajo biti razvidne naslednje zna\u010dilnosti:<\/li>\n<li>Portfolio naloga<br \/>\na. je v prvi vrsti namenjena spodbujanju samoiniciative tako pri dijakih kot u\u010diteljih<br \/>\nb. pomeni okvir za izbiro nalog za vse vrste u\u010denja, formalno, neformalno in \u017eivljenjsko<br \/>\nc. je zasnovana tako, da pri dijaku krepi ob\u010dutek, da je projekt resni\u010dno njegov<\/li>\n<li>Kar se ti\u010de portfolio procesa:<br \/>\nd. u\u010ditelj in u\u010denec zavedanje procesa skozi ves projekt ohranjata na visoki ravni<br \/>\ne. o namenih in ciljih, na\u010drtovanju, metodah in dejanskem poteku procesa poteka stalen in neprekinjen dialog<br \/>\nf. v ocenjevalnem procesu u\u010ditelj povratno informacijo poda v ustni in pisni obliki<\/li>\n<li>Pri samoocenjevanju se dijake spodbuja k raziskovanju kakovosti tega, kar so izkusili med projektom. Tako bo dijak:<br \/>\ng. pregledal<\/li>\n<li>\n<ol type=\"I\">\n<li style=\"list-style-type: none;\">\n<ol type=\"I\">i. namene in cilje<\/ol>\n<\/li>\n<\/ol>\n<ol type=\"I\">\n<li style=\"list-style-type: none;\">\n<ol type=\"I\">ii. na\u010drtovanje<\/ol>\n<\/li>\n<\/ol>\n<ol type=\"I\">\n<li style=\"list-style-type: none;\">\n<ol type=\"I\">iii. metode<\/ol>\n<\/li>\n<\/ol>\n<ol type=\"I\">\n<li style=\"list-style-type: none;\">\n<ol type=\"I\">iv. kaj se je dejansko zgodilo<\/ol>\n<\/li>\n<\/ol>\n<p>h. in premislil<\/p>\n<ol type=\"I\">\n<li>i. kaj je bilo pri\u010dakovano in kaj ne<\/li>\n<li>ii. kak\u0161ne spremembe prvotnega na\u010drta so bile potrebne in zakaj<\/li>\n<li>iii. kak\u0161na vpra\u0161anja so se porodila med procesom<\/li>\n<\/ol>\n<\/li>\n<li>Pri zaklju\u010dkih in novih odlo\u010ditvah bo dijak pojasnil, kaj se je nau\u010dil kot posameznik in\/ali kot del skupine<br \/>\ni. nakazal bo, kaj bi bilo mogo\u010de naslednji\u010d narediti bolje<br \/>\nj. k portfoliu je lahko dodana u\u010diteljeva ocena rezultatov (lahko tudi ustreznega drugega \u0161olskega delavca)<\/li>\n<li>Potem ko jih \u0161ola seznani z vsemi mo\u017enimi oblikami plagiatorstva, morajo dijaki za vsak portfolio posebej podpisati izjavo o avtorstvu. V primeru ugotovljenega plagiatorstva bodo vsi portfolii in na njih vezani certifikati neveljavni.<\/li>\n<\/ol>\n<p>\u010ce je dijakovo portfolio delo v skladu z zgornjimi kriteriji, se mu lahko izda evropski portfolio certifikat.<\/p>\n<p><a href=\"http:\/\/x5r.da2.myftpupload.com\/?page_id=328&amp;lang=sl\">Standardi in kriteriji za certifikate<\/a><\/p>\n","protected":false},"excerpt":{"rendered":"<p>Za izpolnjevanje miminimalnih kakovostnih standardov za na portfoliu pristopu temelje\u010de metode pou\u010devanja in ocenjevanja mora\u00a0portfolio delo, na podlagi katerega bo<\/p>\n","protected":false},"author":1,"featured_media":0,"parent":0,"menu_order":0,"comment_status":"closed","ping_status":"closed","template":"","meta":{"footnotes":""},"class_list":["post-330","page","type-page","status-publish","hentry"],"_links":{"self":[{"href":"https:\/\/x5r.da2.myftpupload.com\/index.php?rest_route=\/wp\/v2\/pages\/330","targetHints":{"allow":["GET"]}}],"collection":[{"href":"https:\/\/x5r.da2.myftpupload.com\/index.php?rest_route=\/wp\/v2\/pages"}],"about":[{"href":"https:\/\/x5r.da2.myftpupload.com\/index.php?rest_route=\/wp\/v2\/types\/page"}],"author":[{"embeddable":true,"href":"https:\/\/x5r.da2.myftpupload.com\/index.php?rest_route=\/wp\/v2\/users\/1"}],"replies":[{"embeddable":true,"href":"https:\/\/x5r.da2.myftpupload.com\/index.php?rest_route=%2Fwp%2Fv2%2Fcomments&post=330"}],"version-history":[{"count":2,"href":"https:\/\/x5r.da2.myftpupload.com\/index.php?rest_route=\/wp\/v2\/pages\/330\/revisions"}],"predecessor-version":[{"id":403,"href":"https:\/\/x5r.da2.myftpupload.com\/index.php?rest_route=\/wp\/v2\/pages\/330\/revisions\/403"}],"wp:attachment":[{"href":"https:\/\/x5r.da2.myftpupload.com\/index.php?rest_route=%2Fwp%2Fv2%2Fmedia&parent=330"}],"curies":[{"name":"wp","href":"https:\/\/api.w.org\/{rel}","templated":true}]}}