{"id":328,"date":"2018-02-27T15:40:21","date_gmt":"2018-02-27T15:40:21","guid":{"rendered":"http:\/\/x5r.da2.myftpupload.com\/?page_id=328"},"modified":"2018-02-27T15:40:21","modified_gmt":"2018-02-27T15:40:21","slug":"standardi-za-epc","status":"publish","type":"page","link":"https:\/\/x5r.da2.myftpupload.com\/?page_id=328&lang=sl","title":{"rendered":"Standardi za EPC"},"content":{"rendered":"<p>Evropski portfolio certifikat zagotavlja, da je posamezni portfolio v skladu s standardi EPC, v njem pa sta tudi povzetek vsebine portfolia ter njegova ocena.<br \/>\nCertifikat izda \u0161olska ustanova in tako potrdi formalne in neformalne izobra\u017eevalne projekte, ki se jih je tekom \u0161olanja udele\u017eil u\u010denec.<\/p>\n<p>Evropski portfolio certifikat mora ustrezati naslednjim standardom:<\/p>\n<table border=\"0\" width=\"100%\" cellspacing=\"1\" cellpadding=\"10\">\n<tbody>\n<tr>\n<td bgcolor=\"#5cc0a9\" width=\"60%\"><strong>STANDARDI<\/strong><\/td>\n<td bgcolor=\"#5cc0a9\" width=\"40%\"><strong>OPOMBE<\/strong><\/td>\n<\/tr>\n<tr>\n<td valign=\"top\" bgcolor=\"#edffe7\" width=\"60%\">1. Okvirno predstavitev u\u010dnih nalog, kot so jih za\u010drtali na \u0161oli. Predstavitev poda delavec \u0161ole (u\u010ditelj, mentor \u2026), med drugim pa mora vsebovati:<\/p>\n<ul>\n<li>informacijo o tem, ali je bil projekt obvezen ali prostovoljen<\/li>\n<li>posebne poudarke projekta z vidika vsebine, metod dela in pedago\u0161kih ciljev, vklju\u010dno z relevantnimi znanji, ve\u0161\u010dinami, nazori in kompetencami, ki bi jih lahko u\u010dencem prineslo sodelovanje v projektu<\/li>\n<\/ul>\n<\/td>\n<td valign=\"top\" bgcolor=\"#b0d8ff\" width=\"40%\">Delavec \u0161ole poda predstavitev le v primeru, da so u\u010dne naloge dolo\u010dene s strani \u0161ole. Ta del je lahko izpu\u0161\u010den, \u010de si je dijak u\u010dne naloge dolo\u010dil sam, ali pa vsebuje iz\u010drpen opis \u0161olskega delavca, ki po \u017eelji vklju\u010di tudi opis pedago\u0161kih ciljev.<\/td>\n<\/tr>\n<tr>\n<td valign=\"top\" bgcolor=\"#edffe7\" width=\"60%\">2. Opis projekta, ki ga napi\u0161e dijak, vklju\u010dno z naslednjimi podatki<br \/>\n(v kolikor jih je sposoben podati):<\/p>\n<ul>\n<li>ime in tema projekta<\/li>\n<li>kje in kdaj se je projekt odvijal ter koliko \u010dasa je trajal<\/li>\n<li>naloge, cilji in nameni dijaka, s poudarkom na razlogih za posamezne odlo\u010ditve, ki jih je sprejel<\/li>\n<li>dijakove \u017eelje in pri\u010dakovanja glede osvojenih znanj, ve\u0161\u010din, osebnih stali\u0161\u010d in kompetenc<\/li>\n<\/ul>\n<\/td>\n<td valign=\"top\" bgcolor=\"#b0d8ff\" width=\"40%\">Tudi v primeru, da \u0161ola poda podrobno predstavitev u\u010dnih nalog pod to\u010dko 1., mora dijak \u0161e vedno opisati lastne izku\u0161nje, na katere bodo vplivala njegova pri\u010dakovanja, \u017eelje, osebna stali\u0161\u010da, nagnjenja itd. Pri opisu projekta naj bo poudarek na tem, kako je projekt do\u017eivljal sam dijak.<\/td>\n<\/tr>\n<tr>\n<td valign=\"top\" bgcolor=\"#edffe7\" width=\"60%\">3. Samoocena dijaka, ki naj vklju\u010duje:<\/p>\n<ul>\n<li>Pregled: kaj sem na\u010drtoval\/a, kaj se je dejansko zgodilo?<\/li>\n<li>Premislek: analiza prvotnih pri\u010dakovanj, na\u010drtov in dejanj, po mo\u017enosti z razli\u010dnimi stali\u0161\u010di do obravnavane teme<\/li>\n<\/ul>\n<\/td>\n<td valign=\"top\" bgcolor=\"#b0d8ff\" width=\"40%\">Poudarek je na pregledu samega u\u010dnega procesa, ki naj dijaka vodi k premisleku o svojih aktivnostih.<\/td>\n<\/tr>\n<tr>\n<td valign=\"top\" bgcolor=\"#edffe7\" width=\"60%\">4. Dijak oceni svoje delo, v kolikor je za to usposobljen. Samoocenjevanje je \u0161e zlasti priporo\u010dljivo za dijake v 12. razredu, ki bodo v teko\u010dem letu zaklju\u010dili gimnazijo. V samooceno mora dijak vklju\u010diti predhodna mnenja ocenjevalcev (u\u010diteljev, projektnih vodij itd.), ki jih lahko tudi izpodbija. V vsakem primeru naj vsak ocenjevalec doda svoje mnenje, ki je lahko samo kratka potrditev samoocene s poljubnimi dopolnilnimi komentarji, samostojna ocena, ali kombinacija obojega. Ocenjevalec mora zagotoviti, da je ocena dijaka popolna.Popolna ocena mora vsebovati:<\/p>\n<ul>\n<li>opis dejstev, na podlagi katerih je bila ocena podana<\/li>\n<li>ocenjevalne kriterije<\/li>\n<li>opis prikazanih sposobnosti<\/li>\n<li>opis kompetenc, v kolikor se dijak s tem strinja in izrazi<br \/>\npripravljenost za sodelovanje<\/li>\n<li>dijakova ocena in zaklju\u010dki o vplivih na nadaljno izobra\u017eevalno\/<br \/>\npoklicno pot<\/li>\n<\/ul>\n<\/td>\n<td valign=\"top\" bgcolor=\"#b0d8ff\" width=\"40%\">Ocena naj bo osredoto\u010dena na kakovost dijakovih aktivnosti ter dose\u017ekov in naj bo karseda zanesljiva, primerljiva in razumljiva. Ocenjevalni postopek vklju\u010duje ustno in pisno podajanje mnenja, usmerjeno v pridobitev realisti\u010dne in \u010dimbolj obse\u017ene predstave, pri kateri je v pomo\u010d triangulacija<\/td>\n<\/tr>\n<tr>\n<td valign=\"top\" bgcolor=\"#edffe7\" width=\"60%\">5. Formalni vidiki:<\/p>\n<ul>\n<li>polno ime, rojstni kraj in datum, razred u\u010denca<\/li>\n<li>ime \u0161ole<\/li>\n<li>\u0161olsko leto in datum<\/li>\n<li>podpis dijaka<\/li>\n<li>podpis ocenjevalca (u\u010ditelja ali mentorja)<\/li>\n<li>\u017eig \u0161ole in podpis predstavnika \u0161ole, ki mora preveriti, ali portfelj izpolnjuje vse zgornje standarde<\/li>\n<\/ul>\n<\/td>\n<td valign=\"top\" bgcolor=\"#b0d8ff\" width=\"40%\">Za izpolnjevanje vseh standardov certifikata je odgovoren u\u010ditelj oziroma mentor, ki se podpi\u0161e pod oceno. Podpi\u0161e jo tudi uradni predstavnik \u0161ole, ki preveri formalne vidike dokumenta.<\/td>\n<\/tr>\n<\/tbody>\n<\/table>\n","protected":false},"excerpt":{"rendered":"<p>Evropski portfolio certifikat zagotavlja, da je posamezni portfolio v skladu s standardi EPC, v njem pa sta tudi povzetek vsebine<\/p>\n","protected":false},"author":1,"featured_media":0,"parent":0,"menu_order":0,"comment_status":"closed","ping_status":"closed","template":"","meta":{"footnotes":""},"class_list":["post-328","page","type-page","status-publish","hentry"],"_links":{"self":[{"href":"https:\/\/x5r.da2.myftpupload.com\/index.php?rest_route=\/wp\/v2\/pages\/328","targetHints":{"allow":["GET"]}}],"collection":[{"href":"https:\/\/x5r.da2.myftpupload.com\/index.php?rest_route=\/wp\/v2\/pages"}],"about":[{"href":"https:\/\/x5r.da2.myftpupload.com\/index.php?rest_route=\/wp\/v2\/types\/page"}],"author":[{"embeddable":true,"href":"https:\/\/x5r.da2.myftpupload.com\/index.php?rest_route=\/wp\/v2\/users\/1"}],"replies":[{"embeddable":true,"href":"https:\/\/x5r.da2.myftpupload.com\/index.php?rest_route=%2Fwp%2Fv2%2Fcomments&post=328"}],"version-history":[{"count":1,"href":"https:\/\/x5r.da2.myftpupload.com\/index.php?rest_route=\/wp\/v2\/pages\/328\/revisions"}],"predecessor-version":[{"id":329,"href":"https:\/\/x5r.da2.myftpupload.com\/index.php?rest_route=\/wp\/v2\/pages\/328\/revisions\/329"}],"wp:attachment":[{"href":"https:\/\/x5r.da2.myftpupload.com\/index.php?rest_route=%2Fwp%2Fv2%2Fmedia&parent=328"}],"curies":[{"name":"wp","href":"https:\/\/api.w.org\/{rel}","templated":true}]}}