{"id":272,"date":"2018-02-27T14:15:19","date_gmt":"2018-02-27T14:15:19","guid":{"rendered":"http:\/\/x5r.da2.myftpupload.com\/?page_id=272"},"modified":"2018-02-27T14:15:19","modified_gmt":"2018-02-27T14:15:19","slug":"epc-group-and-epc-partnership-2","status":"publish","type":"page","link":"https:\/\/x5r.da2.myftpupload.com\/?page_id=272&lang=sl","title":{"rendered":"EPC group and EPC partnership"},"content":{"rendered":"<p>Skupina EPC je v procesu izstopanja iz partnerstva Comenius za EPC. V bodo\u010de bo delovala kot administrativno telo partnerstva za EPC, ki ga bodo sestavljale \u0161ole z licenco EPC.<\/p>\n<h2><small>Avtorske pravice (Copyright)<\/small><\/h2>\n<p>Zasnova in oblika mape evropskih portfolio certifikatov za waldorfske \u0161ole je last Evropskega sveta za waldorfsko izobra\u017eevanje (ECSWE). Uporabo kakr\u0161nekoli druge oblike mape EPC mora najprej potrditi skupina EPC16, ki izdaja licenco EPC.<\/p>\n<p>Besedilo v teh smernicah je last skupine EPC. Ker pa si \u017eelimo spodbuditi kar najbolj raz\u0161irjeno uporabo map EPC v skladu s smernicami, bomo z veseljem odobrili vsako pro\u0161njo za njihov ponatis.<\/p>\n<h2><small>Blagovna znamka in licenca EPC<\/small><\/h2>\n<p>Skupina EPC je spro\u017eila postopek za registracijo blagovne znamke evropskega portfolio certifikata. Kdor \u017eeli izdajati mape EPC, mora zaprositi za licenco. Izdala jo bo skupina EPC, in sicer pod naslednjimi pogoji:<\/p>\n<ul>\n<li>podpisana mora biti pogodba, v kateri se izdajatelj obve\u017ee, da bo upo\u0161teval smernice EPC in \u0161e zlasti standarde v njih in da bo vzpostavil zadovoljiv sistem notranjega nadzora, o katerega ugotovitvah bo redno poro\u010dal skupini EPC<\/li>\n<li>zara\u010duna se majhna letna \u010dlanarina (za pokritje administrativnih stro\u0161kov skupine EPC)<\/li>\n<\/ul>\n<p>Ob zanesljivih znakih, da izdajatelj ne upo\u0161teva standardov v teh smernicah, si skupina EPC pridr\u017euje pravico, da mu za\u010dasno ali za stalno odvzame licenco. Brez veljavne licence map EPC ni dovoljeno izdajati.<\/p>\n<p>Skupina EPC je odprta za komentarje glede uporabe EPC, vklju\u010dno s predlogi za izbolj\u0161anje teh smernic. Skupina si pridr\u017euje pravico do ob\u010dasnih popravkov smernic. O kakr\u0161nihkoli spremembah bomo pravo\u010dasno obvestili vse izdajatelje.<\/p>\n<p>Izvirnik smernic je v angle\u0161kem jeziku. Pred za\u010detkom uporabe map EPC je potrebno narediti prevod v materni jezik in ga razdeliti vsem u\u010diteljem ter mentorjem, ki bodo delali s portfolii. Ob morebitnih razhajanjih v interpretaciji besedila se bo vedno upo\u0161teval angle\u0161ki izvirnik.<\/p>\n","protected":false},"excerpt":{"rendered":"<p>Skupina EPC je v procesu izstopanja iz partnerstva Comenius za EPC. V bodo\u010de bo delovala kot administrativno telo partnerstva za<\/p>\n","protected":false},"author":1,"featured_media":0,"parent":0,"menu_order":0,"comment_status":"closed","ping_status":"closed","template":"","meta":{"footnotes":""},"class_list":["post-272","page","type-page","status-publish","hentry"],"_links":{"self":[{"href":"https:\/\/x5r.da2.myftpupload.com\/index.php?rest_route=\/wp\/v2\/pages\/272","targetHints":{"allow":["GET"]}}],"collection":[{"href":"https:\/\/x5r.da2.myftpupload.com\/index.php?rest_route=\/wp\/v2\/pages"}],"about":[{"href":"https:\/\/x5r.da2.myftpupload.com\/index.php?rest_route=\/wp\/v2\/types\/page"}],"author":[{"embeddable":true,"href":"https:\/\/x5r.da2.myftpupload.com\/index.php?rest_route=\/wp\/v2\/users\/1"}],"replies":[{"embeddable":true,"href":"https:\/\/x5r.da2.myftpupload.com\/index.php?rest_route=%2Fwp%2Fv2%2Fcomments&post=272"}],"version-history":[{"count":1,"href":"https:\/\/x5r.da2.myftpupload.com\/index.php?rest_route=\/wp\/v2\/pages\/272\/revisions"}],"predecessor-version":[{"id":273,"href":"https:\/\/x5r.da2.myftpupload.com\/index.php?rest_route=\/wp\/v2\/pages\/272\/revisions\/273"}],"wp:attachment":[{"href":"https:\/\/x5r.da2.myftpupload.com\/index.php?rest_route=%2Fwp%2Fv2%2Fmedia&parent=272"}],"curies":[{"name":"wp","href":"https:\/\/api.w.org\/{rel}","templated":true}]}}